of b(c). Is v(11) a multiple of 4?
False
Suppose 1354 = 5*z - 516. Is 26 a factor of z?
False
Suppose 2*i - 16 = 4*p + 6, -5*p - 17 = i. Suppose 2*b + i - 9 = 0. Suppose d - 37 = -c, -109 = -b*d - 0*c - 2*c. Is 13 a factor of d?
False
Let u = -146 - -161. Is u a multiple of 5?
True
Suppose 152 = 4*t + 52. Is t a multiple of 13?
False
Suppose -2*v + 108 = 2*v. Is v a multiple of 3?
True
Suppose 87 = 3*r - 117. Suppose v - 42 = n, 0 = 2*n - 6*n - 5*v - 186. Let p = n + r. Is 24 a factor of p?
True
Suppose 2*a + 4*z - 9*z - 87 = 0, a + 2*z = 66. Does 25 divide a?
False
Let c = 189 - 24. Is c a multiple of 33?
True
Does 23 divide 83/1*1 - 1?
False
Let s be (-4)/3*(-651)/14. Let k = -39 + s. Does 23 divide k?
True
Let m = 17 - 8. Is 2 a factor of m?
False
Is 2 a factor of 54/3*(2 + -1)?
True
Let m = -5 - -3. Let w be 27 + (m - -3 - 0). Let h = -9 + w. Is 9 a factor of h?
False
Let s(t) = -31*t + 3. Let m be s(3). Let k be ((-1)/1)/(5/m). Suppose 5*a - k = 102. Does 12 divide a?
True
Let g = -267 + 419. Does 19 divide g?
True
Suppose 4*n = 73 + 39. Let d = -18 + n. Does 9 divide d?
False
Let k = -5 - -7. Suppose -69 = -q - k*q. Does 23 divide q?
True
Let q = -20 - -49. Does 8 divide q?
False
Let c be 5*(-1 - 106/(-10)). Does 17 divide (c/(-5))/((-2)/10)?
False
Suppose j - 226 = -5*a + a, -a - 836 = -4*j. Is 21 a factor of j?
True
Is 3900/70 + 4/14 a multiple of 7?
True
Let x be (-8)/36 - 1390/(-18). Let r = x + -49. Is r a multiple of 18?
False
Let u(c) = 4*c**2 + 7*c + 4. Is 15 a factor of u(-5)?
False
Suppose 9 + 12 = 3*x. Does 2 divide x?
False
Let d(g) = -8*g - 2*g + 5*g**2 + g**3 + 0*g**3 - 2. Let j be d(-7). Let o = j + 42. Is 12 a factor of o?
True
Let l(t) = t**3 - 18*t**2 + t + 17. Is l(18) a multiple of 6?
False
Let g(z) = -z**2 - 4. Let d be g(-6). Let i = -24 - d. Let p = i + -10. Does 3 divide p?
True
Suppose -2*s + 5*t = -236, 3*s - t + 617 = 8*s. Suppose -g = 2*g - s. Does 22 divide g?
False
Suppose 0 = 5*s + 4*b - 4, -s - 1 - 3 = 2*b. Suppose -7*o + 114 = -s*o. Does 19 divide o?
True
Let b(c) = -c + 1. Let q(n) = -3*n**2 - 4*n + 4. Let d(m) = 12*b(m) - 3*q(m). Suppose -3*p + p - 2 = 0. Is d(p) a multiple of 4?
False
Let s(z) = 58*z**2 - 4*z + 3. Does 18 divide s(1)?
False
Let w(k) = -k**2 + 6*k - 4. Suppose -b - 3*n = -7, -2 + 7 = 5*n. Let l be w(b). Suppose 0 = m - 0 - l. Is m a multiple of 3?
False
Let m(n) be the second derivative of -n**3/6 - 4*n**2 + n. Let d be m(-8). Suppose -10 = 2*h, -4*h = o - d*o - 6. Is o a multiple of 16?
False
Let o be 9/7 - 6/21. Let d = 6 - o. Is 14 a factor of (d/3)/(2/18)?
False
Suppose 5*w - 25 = 0, -7 = 2*q + 2*w + 7. Let v be (-1)/6 + 46/q. Let i(g) = g**2 + g + 2. Is 14 a factor of i(v)?
True
Let p be (6/18)/((-1)/(-6)). Suppose p*g = 5*g - 42. Is (-32)/(-6)*21/g a multiple of 7?
False
Suppose -480 = -4*j - 6*j. Does 12 divide j?
True
Suppose 3*h - 2*d - 370 = 0, 0 = -2*d + 4*d + 4. Does 10 divide h?
False
Let q(f) = f**2 - f + 6. Let d be (-1 - -3)*15/5. Is 12 a factor of q(d)?
True
Let b(w) = -w**3 + 17*w**2 - 6*w + 16. Is 22 a factor of b(16)?
True
Suppose -3*h = 4*t + 3, -6*h + h - 5*t - 5 = 0. Let l be 4 - (h + -1)/1. Suppose -178 + l = -4*k. Does 15 divide k?
False
Let n be -1 + -1 - (-4)/(-2). Let z = n - 1. Let r = z - -7. Is r a multiple of 2?
True
Let d = -20 - -31. Suppose k = -5*x + 29 - d, x + 194 = 5*k. Let z = k - 23. Does 9 divide z?
False
Let k = -209 - -294. Does 17 divide k?
True
Let x(g) = -5*g + 3. Let k(b) = -2*b**2 + b. Let w be k(1). Let y be -5 + (0 - w) + 1. Is x(y) a multiple of 10?
False
Let k(j) = j**3 - 8*j**2 + 7*j + 2. Let c be k(7). Suppose -2*d + 29 = -5*l, 2*l + c*l = -3*d - 14. Is 1/d - (-66)/4 a multiple of 6?
False
Suppose -i - 4*i - o = -37, -2*i + 5*o + 31 = 0. Suppose 5*q - 27 = i. Let m = q + 3. Is 4 a factor of m?
False
Let h be -1090*(2/5)/(-1). Let u be h/10 - 12/(-30). Is 4 a factor of u/6 + 4/6?
True
Is 23 a factor of (-3168)/(-45) - (-6)/10?
False
Suppose 102 + 196 = 2*r + y, r + 2*y = 146. Does 15 divide r?
True
Suppose 0*y + 144 = 4*y. Is 12 a factor of y?
True
Let r(t) = -t**3 + 11*t**2 + 3*t - 13. Let l be r(11). Let s = l - 41. Let n = 49 + s. Does 10 divide n?
False
Let l be 24/10 + (-4)/10. Suppose -l*q - 7 = -3*q. Is q a multiple of 2?
False
Suppose 3*m + 2*f - 79 = 61, -4*f = -3*m + 170. Is 9 a factor of m?
False
Let z = 46 - 28. Suppose z = -n + 118. Is 20 a factor of n?
True
Let h = 2 - -5. Let p = h + -5. Suppose -p*r + 160 = 2*r. Is r a multiple of 20?
True
Let a(d) = -d**3 - 3*d**2 + 2*d + 1. Let f be 3/((15/(-8))/5). Let p = -12 - f. Is 5 a factor of a(p)?
False
Suppose -y + 20 = -3*v, -5*y - 2*v - 3*v = 0. Suppose -85 = -y*o - 0*o. Does 8 divide o?
False
Let r = 223 - 103. Suppose -r = 4*y + 24. Let w = -17 - y. Does 11 divide w?
False
Let n(w) = -w**3 + 5*w**2 + 2*w - 5. Let p be n(5). Suppose p*j - 20 = 3*j. Is 7 a factor of ((-55)/j)/(2/(-4))?
False
Suppose -k = 2*k - 126. Is k a multiple of 4?
False
Suppose -2*t + 3*x = -t - 5, -4*t - 20 = -4*x. Let p be t/(-25) - 13/(-5). Suppose i = -p*r + 31 + 28, 0 = r + 2*i - 23. Is 11 a factor of r?
False
Let r be ((-63)/(-12))/((-1)/(-8)). Let s = -92 + r. Let n = -26 - s. Is n a multiple of 10?
False
Suppose 3*h + 2 = 50. Is h a multiple of 16?
True
Suppose 4*i - 800 - 792 = 0. Let n be i/9 - (-6)/(-27). Suppose 0*u + 4*u - n = 0. Is u a multiple of 11?
True
Let q(z) = 26*z. Let n be q(1). Suppose -4*c - n = 2*b + c, 2*b - 3*c - 6 = 0. Is (b/(-6))/((-2)/(-24)) a multiple of 3?
True
Let g = -5 + 3. Let i be -2*(-1)/g - -2. Does 20 divide 26 - i*6/2?
False
Let b be 82/(-4) - 5/10. Let c be ((-9)/2)/((-2)/(-4)). Let p = c - b. Is p a multiple of 12?
True
Suppose 3*o + 71 = 2*p, 5*o = 4*p - 0*o - 139. Is 5 a factor of p?
False
Let d(l) = 4*l**2 - 2*l. Suppose 5*w - 2*w = 6. Does 12 divide d(w)?
True
Let b(s) = -3*s + 6. Is b(-7) a multiple of 8?
False
Let l be (-15)/9*(0 - 3). Suppose -l*p + 27 = 7. Does 4 divide p?
True
Suppose 0 = -2*j + t - 1, 0 = 5*j + 4*t + 44 - 9. Let x be j/(-4) - (-7101)/36. Suppose 4*h - 3*o + o = x, -4*o = 3*h - 132. Is 16 a factor of h?
True
Suppose -27 = 5*a - 222. Suppose 0 = -5*p + a + 76. Suppose -z - 4*x + 34 = 0, -x = -z - 4 + p. Does 11 divide z?
True
Suppose -f = 2*f + 3. Let y(g) = -17*g**3 + 2*g**2 + g. Is 6 a factor of y(f)?
True
Suppose 207 = 5*j - v, -2*v - v + 9 = 0. Does 21 divide j?
True
Suppose -6*f + 2*f + 184 = 0. Is 19 a factor of f?
False
Let p(g) = g**2 + 13*g - 14. Does 10 divide p(-17)?
False
Let u = 465 + -225. Suppose x + u = 5*x. Is x a multiple of 26?
False
Let r = -6 - -7. Is 19*r*2/1 a multiple of 13?
False
Suppose u - 3*c = -c + 23, -3*u + 5*c + 74 = 0. Suppose -u = -3*h - v + 2*v, -2*h - 2*v + 14 = 0. Is (-4)/h - (-224)/10 a multiple of 11?
True
Let v = -20 - -29. Is 3 a factor of v?
True
Let z(k) = -k - 20. Let y(x) = -x + 4. Let o be y(4). Let v be z(o). Let l = 29 + v. Is l a multiple of 7?
False
Suppose 0 = -4*t + 8. Suppose t*w - 32 = 28. Does 16 divide w?
False
Let u = 898 - 632. Does 14 divide u?
True
Does 18 divide 6/(-4)*(-304)/6?
False
Let i(g) = -g**2 - 10*g + 5. Let s = 2 - 8. Is 8 a factor of i(s)?
False
Let u = 24 + -42. Let c be -3*1*(-6)/u. Is (-2)/(c/10 + 0) a multiple of 10?
True
Suppose 2*l - 112 = 76. Suppose l = 5*t + 9. Is 16 a factor of t?
False
Let y(z) = 3*z - 10. Let h be y(7). Let i = -7 + h. Suppose -19 = -5*b + i*b. Does 10 divide b?
False
Let o = -12 + 3. Does 4 divide -2 + 3/(o/(-33))?
False
Suppose 3*z - z - 50 = 0. Suppose 3*x - 91 + z = 3*d, 5*x = 4*d + 115. Does 10 divide x?
False
Let c(u) = 4*u**2 + 7*u - 1. Let x(z) be the second derivative of -5*z**4/12 - 7*z**3/6 + z. Let b(g) = -4*c(g) - 3*x(g). Is b(-7) even?
True
Suppose 5*x - 11 = 29. Suppose 162 = -5*r + x*r. Is r a multiple of 18?
True
Let t(c) = -c**2 - 5*c. Let q be t(-5). Let d(r) = -1 + q*r - 3 + 9 - r. Is 10 a factor of d(-6)?
False
Let z(q) = q**3 - 5*q**2 + 5*q + 3. Does 14 divide z(5)?
True
Suppose 4*h = a + 413 + 625, -h - 4*a = -251. Does 37 divide h?
True
Let d = 143 - 25. Suppose -o - 5*k + 26 = 0, 3*o - d = k - 8. Suppose -2*q + o = -q. Is 18 a factor of q?
True
Let y(w) be the second derivative of 1/3*w**3 - 3*w**2 + w + 0. Is y(7) a multiple of 7?
False
Let g be 14 - 12 - (0 - 0). Does 3 divide g/5 - 99/(-15)?
False
Su